3 (base 8) to base 9.
1112365
What is 1111111000011011110101 (base 2) in base 10?
4163317
Convert -764622 (base 8) to base 10.
-256402
Convert 22334214 (base 5) to base 15.
3e0c4
Convert -523050 (base 11) to base 9.
-1517281
Convert 51837 (base 14) to base 8.
577531
What is -40164 (base 10) in base 14?
-108cc
-101100110101101011000 (base 2) to base 9
-2678414
Convert 12023324340 (base 5) to base 2.
110100111110001100001100
What is -12011221202 (base 3) in base 6?
-2104202
What is -22011202011212 (base 3) in base 15?
-5ac5eb
What is 91171 (base 11) in base 5?
13231144
Convert -3bc48 (base 14) to base 7.
-1154021
Convert 50c (base 16) to base 8.
2414
5233514 (base 9) to base 14
52b75d
Convert -13231022101 (base 4) to base 14.
-3a8209
What is -203131103 (base 5) in base 10?
-833278
-110010010001011010111 (base 2) to base 6
-55150251
What is 15222763 (base 8) in base 9?
6487846
What is 100221102111 (base 3) in base 2?
101111110001100010
What is 1336701 (base 10) in base 3?
2111220121110
2424141 (base 9) to base 15
1aea74
101100010000010001 (base 2) to base 4
230100101
-16d01 (base 15) to base 12
-36861
Convert 4060203 (base 9) to base 10.
2165295
Convert 2048151 (base 9) to base 5.
240020320
29015a7 (base 11) to base 15
689d59
Convert -833967 (base 11) to base 15.
-1b645b
Convert 283620 (base 9) to base 8.
522335
-17a3741 (base 11) to base 7
-34632515
-12222212110 (base 3) to base 14
-3100a
Convert 6939193 (base 10) to base 15.
9210cd
392780 (base 10) to base 6
12230232
-14053142 (base 7) to base 14
-260592
-245423 (base 7) to base 16
-b05a
-12002112011 (base 3) to base 10
-100255
Convert -440325353 (base 6) to base 10.
-7865349
What is 25173a (base 11) in base 9?
665267
210a09 (base 11) to base 10
337962
What is 50191d (base 14) in base 12?
a9a9b3
What is 31b268 (base 15) in base 4?
21001233113
101110001100011100000 (base 2) to base 6
52235504
What is -9633 (base 16) in base 12?
-1a303
What is 85044d (base 14) in base 8?
21114245
-11563411 (base 8) to base 9
-4715242
Convert -432210303 (base 5) to base 13.
-4c335b
What is -1346700 (base 8) in base 9?
-638663
Convert 8c56 (base 14) to base 6.
304512
Convert 1784284 (base 9) to base 6.
33235334
What is 1026154 (base 8) in base 5?
32223031
Convert 32013031033 (base 4) to base 6.
211143251
Convert 4138279 (base 10) to base 7.
50113645
Convert -211220001010 (base 3) to base 13.
-12a0cb
Convert 10352344 (base 7) to base 11.
556323
What is 45b85 (base 15) in base 14?
5ac75
What is -313322 (base 5) in base 3?
-112100111
-4a69f (base 16) to base 15
-6049e
Convert -1ba92 (base 15) to base 11.
-617a3
6613540 (base 7) to base 6
25212011
What is -8468306 (base 10) in base 3?
-120221020022222
-160131 (base 11) to base 9
-418564
What is -11946 (base 10) in base 2?
-10111010101010
What is 231b15 (base 12) in base 2?
10001001100000000001
Convert -1210100212 (base 4) to base 6.
-12445114
What is -2112403443 (base 5) in base 10?
-4419248
-243b797 (base 13) to base 15
-ec34b7
51840 (base 12) to base 4
122001300
Convert -11010100011111110011 (base 2) to base 8.
-3243763
What is -43bd8 (base 14) in base 8?
-500622
What is 416125 (base 11) in base 16?
a2d63
Convert 3233322110 (base 4) to base 14.
1b8192
Convert 26533 (base 13) to base 3.
10121122201
What is 100011100 (base 2) in base 11?
239
5266355 (base 7) to base 5
130413020
14d46c (base 14) to base 15
e5ab0
What is -639483 (base 11) in base 3?
-1220221222212
What is a69ac8 (base 14) in base 7?
65621141
-2557d (base 16) to base 2
-100101010101111101
Convert -1212201011101 (base 3) to base 13.
-28c405
1644273 (base 10) to base 5
410104043
What is 111212121110 (base 3) in base 5?
32214330
Convert -2332615 (base 7) to base 8.
-1076032
-777027 (base 8) to base 15
-527da
Convert -4527076 (base 11) to base 10.
-7930181
58818 (base 11) to base 9
138336
What is -2101001211 (base 3) in base 5?
-2443310
-102302131103 (base 4) to base 3
-100021020012022
What is -25350103 (base 8) in base 4?
-111131001003
Convert -67771 (base 9) to base 8.
-130054
-3127528 (base 9) to base 5
-412001103
What is -301929b (base 12) in base 11?
-50938a2
7a6c0 (base 14) to base 10
297696
What is 1662102 (base 7) in base 14?
61202
Convert -70244 (base 9) to base 12.
-22841
What is -14023730 (base 8) in base 13?
-866619
Convert -113300113 (base 6) to base 9.
-3885050
-73132 (base 15) to base 14
-96d12
Convert 110011110011001101 (base 2) to base 13.
75760
What is -244333042 (base 5) in base 13?
-31b783
-14413236 (base 7) to base 8
-5151672
-776b2 (base 12) to base 16
-26a26
Convert -1c90b (base 16) to base 14.
-308d5
Convert -1eeeb9 (base 15) to base 12.
-612a63
Convert 2020222122210 (base 3) to base 6.
41421250
Convert -29c84 (base 15) to base 14.
-36dd7
-21122322 (base 6) to base 3
-1011100222112
-1233140 (base 7) to base 9
-262802
-2221602 (base 8) to base 6
-20500430
Convert 276235 (base 12) to base 13.
19b5c3
Convert 20134034 (base 7) to base 9.
3128205
What is -142274 (base 13) in base 15?
-9a45e
What is 1059ca6 (base 13) in base 15?
688ea1
Convert -13123300313 (base 4) to base 6.
-105433515
Convert 312525 (base 7) to base 9.
81676
-122320303 (base 4) to base 15
-22971
Convert -89b1b (base 16) to base 13.
-169933
Convert c1497 (base 16) to base 10.
791703
1002201101221 (base 3) to base 10
584953
What is 883317 (base 9) in base 8?
2005736
-111100100001010110 (base 2) to base 9
-417037
Convert -10110001100001000 (base 2) to base 15.
-1bde3
What is 34ecd (base 16) in base 2?
110100111011001101
Convert 210212123 (base 4) to base 11.
a26a7
-3bda67 (base 14) to base 9
-3810610
Convert 104612636 (base 8) to base 5.
14103343214
What is -11211001122020 (base 3) in base 13?
-6b82ab
What is 4355532 (base 7) in base 8?
2024735
Convert -29764 (base 15) to base 3.
-20202211211
What is -10010010010000 (base 2) in base 3?
-110211200
What is 7512d (base 16) in base 14?
c6a85
b84a64 (base 13) to base 5
2101321041
Convert 1201221223 (base 4) to base 2.
1100001101001101011
Convert -270dd9 (base 14) to base 4.
-11020323203
122475 (base 10) to base 15
26450
11101310 (base 8) to base 6
123141400
6630544 (base 10) to base 12
2279154
-495725 (base 10) to base 12
-1baa65
-f447c7 (base 16) to base 12
-5440687
Convert -693497 (base 10) to base 2.
-10101001010011111001
-13ae8 (base 15) to base 2
-1111011011110010
Convert 48216b (base 12) to base 7.
12621131
Convert 18275 (base 16) to base 3.
12000201012
Convert -33b2d (base 16) to base 2.
-110011101100101101
Convert -2552645 (base 9) to base 12.
-572105
What is -873760 (base 11) in base 13?
-39b424
What is 2122111021 (base 3) in base 8?
145625
Convert 10200042 (base 5) to base 10.
84397
132628 (base 10) to base 7
1061446
What is 35434225 (base 6) in base 7?
12266222
20213400 (base 6) to base 5
121440022
Convert 411324 (base 6) to base 14.
bd08
Convert 1113123320 (base 4) to base 6.
11402012
What is -14422 (base 10) in base 6?
-150434
-384290 (base 11) to base 2
-10010011111011111010
2040c (base 15) to base 9
165123
-95c5 (base 15) to base 9
-47415
-100100011111101 (base 2) to base 6
-222301
Convert -14503047 (base 8) to base 10.
-3311143
Convert -6e6f2 (base 16) to base 13.
-12ab73
-8043b (base 14) to base 12
-12a405
10060326 (base 7) to base 3
1120120200100
11403420201 (base 5) to base 10
13341926
Convert 122665 (base 13) to base 8.
1517362
Convert -135507 (base 8) to base 5.
-3013233
15314143 (base 6) to base 2
10000011100010001111
What is 14044033 (base 5) in base 6?
3025003
-1001010101011111111001 (base 2) to base 14
-479c6d
21122011110 (base 3) to base 4
210230112
What is -e867 (base 15) in base 10?
-49147
What is -10826 (base 13) in base 15?
-8d15
Convert -1157681 (base 10) to base 4.
-10122220301
What is -90aa22 (base 14) in base 2?
-10010100100111011010110
Convert 22027506 (base 8) to base 3.
22220100021220
Convert 168ac6 (base 15) to base 10.
1092561
Convert -54521443 (base 7) to base 12.
-169701a
Convert a34654 (base 11) to base 5.
411114132
What is 100113302313 (base 4) in base 8?
20276267
What is -15433042 (base 7) in base 16?
-16b1ae
23cd4 (base 14) to base 10
87602
What is 61029 (base 10) in base 16?
ee65
5502105 (base 6) to base 15
55ba8
What is 12222210221011 (base 3) in base 16?
309937
Convert -423853 (base 13) to base 15.
-20953a
-581489 (base 10) to b